ided by l(n).
5
Let w = -6 + 10. Suppose 3*d + 18 = w*d. Suppose -29*g + 26*g - 2*f + 95 = 0, -5*g = f - 170. Calculate the remainder when g is divided by d.
17
Calculate the remainder when 161 is divided by 57*40/15 + (-2 - -8).
3
Suppose 0 = -6*k + 754 + 2198. Let u = k - 325. Suppose -5*y - 3*d = -117, -7*y + 2*y + 2*d + 97 = 0. What is the remainder when u is divided by y?
20
Suppose 3*q = 3, 2*s - 63*q = -66*q + 11. Suppose -3*v + 5*y + 154 = 0, s*v = -2*y + 6*y + 192. What is the remainder when 213 is divided by v?
41
Let b = 323 - -364. Suppose 0 = -3*d - b + 738. Calculate the remainder when d is divided by 4.
1
Suppose 0*v = v - 13. Let w(m) = m**3 - 60*m**2 - 188*m - 33. What is the remainder when w(63) is divided by v?
4
Suppose -n = k + 31, 2*k + 36 = 5*n - 12. Let p(s) = -s - 17. Suppose 0*j = 3*j - 6. Calculate the remainder when p(k) is divided by j.
0
Let r(o) = 3*o**2 + o - 2. Let g be r(-2). Let u(b) = b**3 + 8*b**2 - 14*b - 35. Calculate the remainder when ((-54)/g)/(6/(-24)) is divided by u(-9).
7
Suppose -3795 = -43*u - 49*u + 37*u. What is the remainder when 6899 is divided by u?
68
Suppose d - 5*w = 4*d + 10, 3*d - 10 = 5*w. Suppose d = 2*a - 2*g - 52, 6*g - 9*g - 130 = -5*a. Calculate the remainder when 43 is divided by a.
17
Let h(a) = a**3 + 12*a**2 - 12*a + 3. Calculate the remainder when h(-11) is divided by 59.
20
Let k be 9/(-6)*((-18)/(-6) - 1). What is the remainder when 157 is divided by k - ((-159)/7 - 12/42)?
17
Let v = 1214 - 1197. Calculate the remainder when 1102 is divided by v.
14
Let n(u) = -44*u - 1403. Calculate the remainder when 1435 is divided by n(-32).
0
Suppose -6*r + 3*u + 3 = -10*r, -r + 5*u + 28 = 0. What is the remainder when 197 is divided by ((-1)/r)/(((-24)/3)/1200)?
47
Suppose -4*q + 5319 = 23*q. Suppose 0 = 29*j + q - 1212. What is the remainder when 174 is divided by j?
34
Suppose -4067*o - 8013 = -4070*o. What is the remainder when o is divided by 99?
97
Let z(x) = 10*x - 53. Let o(m) = 10*m - 54. Let r(i) = 5*o(i) - 6*z(i). What is the remainder when r(-9) is divided by 47?
44
Let u = -11483 + 11541. Calculate the remainder when -6 + 2 - (-171 + 2) is divided by u.
49
Let a = -156 - -95. Let f = -30 - a. Suppose -y + 2 = 5*w - 5, y - 23 = 3*w. Calculate the remainder when f is divided by y.
14
Let a(c) = 33*c - 195. Suppose -q + 5*g = -44, 5*q - 11*g - 250 = -16*g. What is the remainder when q is divided by a(6)?
1
Suppose -3*h - 8 = 4*w - 5, 2*w + h = -1. Suppose w = -l - 17*l + 3870. What is the remainder when l is divided by 55?
50
Suppose 0 = -86*x - 16396 + 74446. What is the remainder when x is divided by 85?
80
What is the remainder when 134 is divided by (553/(-30) - (-66)/(-990))*(0 - 2)?
23
Let l(t) = -t**2 + 6*t + 5. Let c(i) = 3*i**2 - 57*i + 58. Let u be c(18). What is the remainder when 257 is divided by l(u)?
10
Let t = -30 - 22. Suppose 3*p - 5*z + 162 = 0, z + 143 = -2*p + 22. Let n = t - p. What is the remainder when 12 is divided by n?
5
Suppose 26*h = 31*h + 20. What is the remainder when 233 is divided by (-3)/2*h/(-3) + 20?
17
Let y(m) = -m**2 - 63*m - 659. Calculate the remainder when 245 is divided by y(-46).
122
Let p(n) = n**2 + 3*n + 33. Let y be (-59)/8 + 72/192. Calculate the remainder when p(y) is divided by 31.
30
Suppose 10883*w = 10893*w - 3790. What is the remainder when 1904 is divided by w?
9
Suppose -2*h + 0*h + 14 = 3*b, -2*b = 5*h - 13. Calculate the remainder when 155 is divided by -3 - (4 + -46) - (-1 - h).
32
Suppose -37 = 25*u - 1712. Suppose 16*r = 173 + u. Calculate the remainder when 72 is divided by r.
12
Suppose -20*v + 2029 = -1431. Let u = 82 + -53. What is the remainder when v is divided by u?
28
Suppose -3*v - 11454 = -4*x, x + 2*v - 409 = 2438. Calculate the remainder when x is divided by 110.
109
Suppose 64*c - 7610 = -59*c + 5674. Calculate the remainder when c is divided by 6.
0
Suppose -31 = -4*a + 65. Let y = a - 13. Suppose 4*z - 10 = -r, 0*z + y = 2*r - z. What is the remainder when 15 is divided by r?
3
Suppose -u - 152 = -5*u. Suppose -u - 22 = -4*k. What is the remainder when k is divided by (20/(-15))/((-2)/3)?
1
Let o = 11984 + -11972. Calculate the remainder when 1306 is divided by o.
10
Let j(r) be the third derivative of r**6/120 + 7*r**5/60 + r**4/8 + 13*r**3 - 15*r**2. What is the remainder when j(-6) is divided by 33?
30
Suppose 323*b - 445 = 322*b. Suppose 0 = 3*d + 2*t + 134 - b, 2*t = -d + 97. What is the remainder when d is divided by 22?
19
Suppose 6840 = 49*p + 131*p. Calculate the remainder when 5091 is divided by p.
37
Let a be 40811/74 - (-5)/(-2). Suppose 2*p + 766 = 5*p - 4*u, 5*u - a = -2*p. What is the remainder when p is divided by 68?
58
Suppose -n = -2*r + 7*r - 14, 5*n = 3*r - 42. Let g(l) = l**3 + 8*l**2 + 8*l + 6. Let m = -32 - -48. What is the remainder when g(n) is divided by m?
14
Let b(d) = 16*d**2 - 4*d - 3. Let w = 192 + -193. Suppose -h + 5*j = -24, 28 = 3*h - j - 3*j. Calculate the remainder when b(w) is divided by h.
1
Let g(p) = -p**3 + p**2 + 3*p + 3. Suppose -2*y + 23 = -b, 2*b + 4*y = 6*b + 100. Let i = b - -25. What is the remainder when 16 is divided by g(i)?
7
Let h = 48 + 3. Let w(q) = -2*q**3 + 17*q**2 + 243*q - 37. Calculate the remainder when h is divided by w(16).
7
Suppose -29*u + 170 = 2*d - 31*u, d - 3*u = 83. What is the remainder when 270 is divided by d?
12
Let o = 3 - 12. Let f(v) = 19*v**2 + 26*v - 82. Let m(a) = -9*a**2 - 13*a + 40. Let i(n) = -6*f(n) - 13*m(n). What is the remainder when i(o) is divided by 20?
18
Suppose 0 = -2*p - p + 252. Suppose -4*o = -4, -p = -0*i - i - o. Let y = -114 - -131. What is the remainder when i is divided by y?
15
Let b be 2/21 - (-20)/(-210). Suppose -4*c = 4*u - 88, b = c - 8*u + 5*u - 38. Calculate the remainder when 30 is divided by c.
4
Let z = -9445 - -9774. What is the remainder when z is divided by 6?
5
Let s = 33472 + -33225. What is the remainder when 7903 is divided by s?
246
Let w = -104 - -205. Calculate the remainder when w is divided by -19 + (34 - 18) - (-133)/7.
5
Let l(o) = -6*o**2 - 87*o + 38. What is the remainder when 712 is divided by l(-9)?
42
Suppose -7*y = -3*y - 104. Let t = 25116 - 24988. What is the remainder when t is divided by y?
24
Let u(v) be the third derivative of -v**5/60 - 23*v**4/24 - 41*v**3/6 + 2*v**2. Let p be (396/330)/(3/(-50)). What is the remainder when 35 is divided by u(p)?
16
Suppose -4002 = 80*u - 5985 - 7777. What is the remainder when 773 is divided by u?
41
Let x(o) = o**3 - 15*o**2 - 76*o + 5. Suppose 9 + 10 = m. Suppose 2*q - 36 = 38. Calculate the remainder when q is divided by x(m).
2
Let z = -9149 + 9872. Calculate the remainder when z is divided by 155.
103
Suppose -y - 2*y = 3*y. Suppose y = -25*z + 31*z - 126. Suppose -17*s + z*s = 236. What is the remainder when s is divided by 30?
29
Let m be (1 + 17)*-1*1. What is the remainder when (-107)/(2/m - (-48)/(-54)) is divided by 16?
11
Let f = -7613 - -7622. What is the remainder when 2203 is divided by f?
7
Suppose 0 = 4*o + 3*p - 4*p - 75, -4*o - 5*p = -105. Calculate the remainder when 16/(-72) + (-34460)/(-36) is divided by o.
17
Let y = -683 + 694. What is the remainder when 41 is divided by y?
8
Suppose 3*i + 12 = 0, 19*i = 3*o + 24*i - 856. What is the remainder when o is divided by 21?
19
Let f(m) = -m**3 - 17*m**2 + 4*m - 56. What is the remainder when f(-18) is divided by 122?
74
Suppose 719*j - 715*j - 1827 = 5*g, -3*j - 4*g + 1347 = 0. What is the remainder when j is divided by 19?
16
Let l be 4/26 - (0 + 1062/(-26)). Let n(c) = l*c - c**3 - 9 - 10*c + 9*c**2 - 19*c - 17*c. Calculate the remainder when 59 is divided by n(8).
14
Suppose t - 12 = -2*t. Suppose -43 = -t*k + 101. Suppose 5*f = 30, -l + f + 19 = 2*f. Calculate the remainder when k is divided by l.
10
Let u be (-108)/162*1/((-1)/3). Suppose 150 = u*k - 586. Calculate the remainder when k is divided by 37.
35
Suppose -9583 = 4*f - 468*f + 34497. Calculate the remainder when 463 is divided by f.
83
Let r(m) = -55*m - 214. Calculate the remainder when r(-6) is divided by 11.
6
Let m = 176 + -72. Suppose 4*j - m = 2*j. Suppose 22 - 2 = y - n, -3*n = 4*y - j. What is the remainder when y is divided by 9?
7
Let r = 215 + -116. Let y(q) = -q**3 + 37*q**2 +